c - 78 = 2*b. Calculate the remainder when 156 is divided by c.
16
Let b = -521 + 395. Let x = b - -148. What is the remainder when 97 is divided by x?
9
Suppose 4*y + 60 = 2*x - 158, -2*x - 6*y = -278. Calculate the remainder when x is divided by 33.
22
Let q be 4/(-24) - 0 - 7058/(-12). Let y = 1138 - q. Suppose 6*a + 4*a = y. Calculate the remainder when 107 is divided by a.
52
Let n(p) = 2*p - 1. Suppose -5*m + 74 = 138*y - 137*y, -2*y + 3*m = -109. Suppose -5*c + 74 = y. What is the remainder when c is divided by n(2)?
0
Let l = 252 - 211. Suppose 0 = -7*g - 11*g - 2268. What is the remainder when l is divided by (-36)/g + (-94)/(-14)?
6
Let u be 72655/275 + (-2)/10. Let b = -243 + u. Calculate the remainder when 100 is divided by b.
16
Suppose -14*t + 3379 = 859. Suppose 0 = 68*u - 72*u + t. What is the remainder when u is divided by 20?
5
Suppose -4*c + 51*i - 54*i - 434 = 0, 10 = -5*i. Let j = c - -344. What is the remainder when j is divided by 12?
9
Suppose -4*t + t = u + 28, 20 = -3*t - 5*u. Let m be (2/2)/(-11 - t). Calculate the remainder when 51 is divided by (4 - 0)/m + 30.
25
Let n(v) = -v**3 - 91*v**2 - 339*v - 1089. What is the remainder when n(-88) is divided by 40?
31
Let t = 268 + -105. Let g = t + -154. What is the remainder when g is divided by 3?
0
Let c(y) = -708*y - 1404. What is the remainder when 217 is divided by c(-2)?
1
Suppose 0 = -78850*i + 78869*i - 15675. Calculate the remainder when i is divided by 172.
137
Let p = -31 + 60. Let m = 18 - 3. Calculate the remainder when -1 - -114 - (-14 + m) is divided by p.
25
What is the remainder when 22361/6 + 42/231 + 268/(-264) is divided by 266?
2
Let i = -45 + 205. Let j(n) = -i - 2*n**3 - n**2 + 76 + 81. Calculate the remainder when j(-3) is divided by 13.
3
Let z be ((-1)/(-1))/(1/4). Suppose -153*i + 6579 = 1989. Suppose 2*x = z*x - i. What is the remainder when x is divided by 8?
7
Let c(f) = -f**2 - 11*f + 45. What is the remainder when 149 is divided by c(-13)?
16
Let b be ((-72)/(-10))/((135/(-100))/(-9)). Suppose b*a - 270 = 33*a. What is the remainder when a is divided by 4?
2
Let h(m) = m**3 - 11*m**2 + 32*m - 1. Let b be -2 + (-2*1 - 4). Let n = b - -34. What is the remainder when n is divided by h(5)?
8
Suppose -542 = -12*l + 10*l + r, 3*l = 5*r + 806. Suppose 0*u + 4*u = 0. Suppose u = 3*z - l + 62. What is the remainder when z is divided by 18?
16
Suppose -100*w - 3952 = -119*w. Calculate the remainder when w is divided by 5/2*(-210)/(-25).
19
Let t be (0 - -1)*(1 - -52). Suppose 54*o = t*o + 103. What is the remainder when o is divided by 21?
19
Let q be 4/1*(9 - 68/8). Suppose q*r = 3*n - 1 - 107, 4*n = -5*r + 167. Calculate the remainder when (-11)/(-2 - 66/(-34)) is divided by n.
35
Let p(y) = 2*y**3 + y**2 - y + 3. Let z be (-6 - 54)*8/(-6). Suppose -5*h - 4*f - 16 = -6*h, 3*h - z = 4*f. What is the remainder when p(3) is divided by h?
31
Let f(i) = -72*i + 1006. Suppose 126 = 4*h - 18. What is the remainder when f(13) is divided by h?
34
Let o = -47 - -43. Let q be (-4)/((5 + -4)/o). Suppose l - q = -l. What is the remainder when 101 is divided by l?
5
What is the remainder when 178293/9 + (-5)/15 + 30 + -29 is divided by 26?
25
Suppose -471*q = -536*q + 520. Suppose -14 = -0*r - 2*r. What is the remainder when q is divided by r?
1
Let o(g) = -3*g + 123. Let s be 19/4*(22/1 + -2). Suppose -3*f + s = -16. Calculate the remainder when o(-7) is divided by f.
33
Let y(j) = -j**2 + 17*j + 38. Let k be y(19). Suppose k = -2*f + q - 6*q + 65, 4*f = -5*q + 155. Let z = f + -21. What is the remainder when 71 is divided by z?
23
Let p(y) = y**3 + 5*y**2 + 8*y + 4. Let r be p(-2). Suppose r = 25*v - 26*v + 100. What is the remainder when v is divided by 6?
4
Let g = -4806 - -4879. Suppose 3*q = 8*q - 2545. Calculate the remainder when q is divided by g.
71
Calculate the remainder when ((-90)/4 - -1)*-2 is divided by 1*(-4 + -1 + 6) + (28 - 13).
11
Suppose 52160*g = 52171*g - 8294. What is the remainder when g is divided by 40?
34
Suppose -212089 = -43*f + 31*f - 119*f. Calculate the remainder when 1635 is divided by f.
16
Let x(d) be the second derivative of 15/2*d**2 + 0 + 7/3*d**3 + 14*d. What is the remainder when x(6) is divided by 10?
9
Let l(b) = 175*b - 3588. What is the remainder when 1299 is divided by l(21)?
81
Suppose 185 = -6*j + 239. Suppose -141 = -j*r + 84. Calculate the remainder when 99 is divided by r.
24
Let w(x) = -2584*x + 116283. Let s = -17 + 37. Calculate the remainder when s is divided by w(45).
2
Suppose -6*r = 3*h - r - 1, 5*r = -h + 7. Let d(k) = -3*k**2 - 10*k - 3. Let x be d(h). Suppose x = 7*m - 4*m - 3. What is the remainder when m is divided by 1?
0
Let s(p) = p**2 + 21*p + 117. Suppose 1 = -2*w + 5. What is the remainder when s(-10) is divided by w?
1
Let j(o) = 36*o**2 + 62*o - 13. Let a be j(7). Suppose -606*b = -611*b + a. Calculate the remainder when b is divided by 55.
52
Suppose 2*w = -u + 261, 10*u + 5*w - 2346 = 7*w. Let t(o) = -5*o - 3. What is the remainder when u is divided by t(-4)?
16
Let f(y) = 3*y**3 + 247*y**2 - 1273*y + 7. What is the remainder when 1296 is divided by f(5)?
144
Let h = -34 + 51. Suppose -29 + h = 3*q. Calculate the remainder when 95 is divided by (-92)/q + (-6 - -7).
23
Suppose 13*s - 640 = 8*s. Suppose -4*v = 4*u - s, 0 = 4*u - 3*v - 153 + 11. Calculate the remainder when 90 is divided by u.
22
Let h = -3188 - -3233. Let y(j) = -j**3 + 16*j**2 - 11*j - 33. What is the remainder when h is divided by y(15)?
18
Suppose 4*i + 52 = -2*s, 0*s - 2*s = -5*i - 83. Suppose -8*x = -3*m - 10*x + 9, -6 = -2*m - 3*x. What is the remainder when (-595)/i*(0 + m) is divided by 30?
29
Let c(t) = t**3 + 9*t**2 + 14*t - 20. Let g be c(-4). Suppose 0 = 4*n + g*j - 52, -15 = -4*n + 5*j + 55. Calculate the remainder when 27 is divided by n.
12
Suppose 421 = 25*y + 273 - 452. What is the remainder when 221 is divided by y?
5
Suppose 27*l - 3 = 26*l. Let j be (8 - 5)/l - (-8)/2. Suppose -j*d + 355 = -0*d. Calculate the remainder when d is divided by 19.
14
Suppose 5*v - 4*q - 99792 = -23176, 0 = -5*v + 5*q + 76625. Calculate the remainder when v is divided by 74.
72
Let t(y) = 11*y - 117. Let d be t(11). Suppose -2*u + 3*z = -29, d*u + 16*z - 69 = 11*z. Calculate the remainder when 174 is divided by u.
14
Let w = -2225 + 2483. What is the remainder when w is divided by 51?
3
Let f be 1/2*(6 - 2 - 6). Let u be 4 - f*(-1 - 4). Calculate the remainder when 162 + (-7 - u - -2) is divided by 40.
38
Let s = -2 - -3. Let h = -27063 - -27065. What is the remainder when h is divided by s?
0
Let z = -133 - -141. Let u(m) = m**3 - 8*m**2 + 5*m - 27. Suppose 81 + 71 = 4*d. What is the remainder when d is divided by u(z)?
12
Let v(f) = -f**3 + 35*f**2 - 2*f + 75. Suppose a + 26 + 4 = 0. Let k = 74 + a. What is the remainder when k is divided by v(35)?
4
Let x(r) = 618*r + 34. Let k be x(1). Let s = k - 414. What is the remainder when s is divided by 4?
2
Let d be ((-3)/63*-7)/((-2)/(-6)). Calculate the remainder when ((-430)/4)/(d/4*-1) is divided by 29.
24
What is the remainder when (-4)/(-30) + 0 - (-2783580)/7650 is divided by 36?
4
Let v = 5946 + -5895. Calculate the remainder when 7086 is divided by v.
48
Suppose -2114*t + 874 = -2091*t. Calculate the remainder when t is divided by 7.
3
Let n(s) = 5*s**3 + s**2 + 4*s - 7. What is the remainder when n(4) is divided by (-24)/32*(-1392)/36?
26
Let j(y) = -y - 1. Let h be j(-1). Suppose h = -3*i + 5*x + 43, -2*i - 21 = -3*i + 5*x. Calculate the remainder when (-1)/(-7) - (-3 - 3078/63) is divided by i.
8
What is the remainder when 215 is divided by 129/4 + 600/(-480)?
29
Let n(z) = -105*z - 156. Let d be n(-4). Suppose -260*x = -d*x + 792. Calculate the remainder when x is divided by 50.
48
What is the remainder when (18/10)/((-138)/(-38180)) is divided by 25?
23
Let f(g) = 25*g**2 - 36*g + 28. Calculate the remainder when f(4) is divided by 86.
26
Suppose 0 = -65*b + 54*b + 242. Let q(u) = -3*u + u**2 - u**3 - u + 6 + u + 2*u. Calculate the remainder when b is divided by q(0).
4
Suppose -4*j - 3*y - 37 = 0, -7*j - 22 = -6*j + 5*y. What is the remainder when j - -174*(1 - 0) is divided by 28?
27
Let m be 1 + 2 - (0 + -9). Suppose -17*s = -m*s + 40. Let c = 45 + s. What is 